rime factors of j.
2, 19, 353
Let t(o) = -o**3 + 9*o**2 + 5*o + 20. Let g(q) = 22 + 3 + 5*q - 4*q. Let z be g(-16). What are the prime factors of t(z)?
5, 13
What are the prime factors of (671 - 4) + (47 - 27)?
3, 229
What are the prime factors of (29/(2958/(-177004)))/(((-1)/6)/1)?
2, 19, 137
Suppose -4*o = 3*b - 89397, 9 = b + 10. What are the prime factors of o?
2, 3, 5, 149
Let d be (7/2)/((-86)/(-58996)). Let x = d - 1708. What are the prime factors of x?
3, 7, 11
Suppose 63*j - 54*j = 2988. Let w = j + 535. What are the prime factors of w?
3, 17
Suppose -2*m + 674 = 2*y + 2*y, m + 327 = 2*y. Let l be ((-123)/2 + 3)*(-38)/57. Suppose l*w - 37*w = y. What are the prime factors of w?
83
Let n(t) = -65*t**3 + 51*t + 510. What are the prime factors of n(-7)?
2, 23, 61
Suppose -9 = -6*v + 21. Suppose -3*b = -t + 336, 0 = v*b - b - t + 447. What are the prime factors of -3*2/(18/b)?
37
Suppose -441 = -151*h + 144*h. What are the prime factors of (686/h - 2) + 1/9?
3
Let s(l) = 1 - 25637*l + 4 + 25873*l - 2 - 4. Let u = 3 - 2. What are the prime factors of s(u)?
5, 47
Suppose -24 = -0*m + 3*m - 4*v, -m - 3*v = -5. List the prime factors of (-8)/m*(-1)/((-3)/57).
2, 19
Let z(l) = 0 - 4*l + 9*l + 1. Let w be z(0). What are the prime factors of ((-7)/w)/(1/(-1))?
7
Let x = -15958 + 59236. List the prime factors of x.
2, 3, 7213
Let k(s) = -152*s + 239. Let o be k(-14). Suppose 0 = -10*f + o + 3163. List the prime factors of f.
7, 79
Let r(h) = h**2 + 182*h - 4341. List the prime factors of r(45).
2, 3, 11, 89
Let m = -161 - -87. Let n = 360 + -215. Let x = n + m. What are the prime factors of x?
71
Suppose -2*o - 6 = 0, 1036*h - 1038*h - 4*o + 16516 = 0. What are the prime factors of h?
2, 1033
Let y = 11 - -7951. List the prime factors of y.
2, 3, 1327
Let h = 25 + -34. Let r be 258/(-14) + h/(-21). What are the prime factors of (-4)/(-18) - 302/r?
17
Let n = -485 - -491. What are the prime factors of (n + (12 - 6))/((-6)/(-244))?
2, 61
What are the prime factors of -125148*((-1155)/45 - -25)?
2, 10429
What are the prime factors of 2/(-5) - (-2526121)/215?
31, 379
Let k be -3*1/1 + 6. Suppose -b - 3*b + 617 = 5*n, 0 = 3*n + 4*b - 375. Suppose -3*p + 5*w + n + 152 = 0, k*w = 2*p - 182. List the prime factors of p.
7, 13
Suppose -154684 = 231*v - 235*v. What are the prime factors of v?
38671
Let n = -321 + 324. Let h(y) = 17*y**3 + 6*y**2 + 2*y + 4. What are the prime factors of h(n)?
523
Let m(x) = -x - 4. Let k be m(-2). Let c be (-16)/6*((-93)/12 + k). Suppose 2*h + l = 53, h + 4*l - 18 = c. List the prime factors of h.
2, 3
Let g = 15 - 10. Suppose 0*q = -g*q + 795. Suppose -q + 24 = -c. What are the prime factors of c?
3, 5
Let o be (-9)/(-12)*68 + 2/(-2). List the prime factors of o/575 - 5219/(-23).
227
Let q(s) = s**2 + 31*s - 24. Let h be q(-12). Let m = 565 + h. List the prime factors of m.
313
Suppose 237*p - 249*p + 47436 = 0. What are the prime factors of p?
59, 67
Suppose -16 = 5*l + 59. Let m be (-24)/(-20) + -1 - (-3)/l. Suppose m = -42*u + 47*u - 610. What are the prime factors of u?
2, 61
Suppose -3*o + 2*d = -12, 0 = -4*o - 23*d + 24*d + 11. Suppose 0 = -o*m - 5*g + 2049, 0 = 7*m - 5*m - g - 2079. What are the prime factors of m?
17, 61
Let b = 136734 - 79219. List the prime factors of b.
5, 11503
Suppose -12*v = 4*v - 80. Suppose 5*q = -v*b + 2205, -2*q + 910 = b + 31. List the prime factors of q.
2, 3, 73
Suppose -m = 2*m - 5*a - 85, -124 = -4*m + 4*a. Suppose -268 = -2*p - 98. Let f = p - m. List the prime factors of f.
2, 5
Let y be ((-13 + -1)/1)/(-1). Let h(o) = 200*o**2 - 373*o - 2. Let i be h(2). Suppose -18*a + i = -y*a. What are the prime factors of a?
13
Suppose -9 = -3*w + 5*l, -5 = -2*w + 4*l - 1. Suppose -w*m = 174 - 4830. What are the prime factors of m?
2, 3, 97
Let x be (-60)/14 + (-7)/((-98)/4). Let g = x - -155. List the prime factors of g.
151
Let y = -361 + 376. Suppose -6182 = -y*b + 1843. What are the prime factors of b?
5, 107
Let m be (1/((-3)/8))/(5/(-30)). List the prime factors of 1371 + (8 + m)/8.
2, 3, 229
Let d(l) = -3*l + 101. Let v be d(34). Let h(q) = 9*q**3 - q**2 - 3*q - 3. Let f be h(v). What are the prime factors of (-114)/f*-15*2/(-2)?
3, 19
Suppose 38*i + 163525 - 195540 = 283119. What are the prime factors of i?
8293
Let f(w) = 2*w**2 + 70*w - 67. Let o be f(-36). Suppose 5*b - 163 = -o*l + 2807, -3*b - 2*l = -1781. What are the prime factors of b?
593
Suppose 3*s - 14*s = -176. Suppose 7*c = 3*c + s. What are the prime factors of (c/(24/(-573)))/(1/(-2))?
191
Let q(z) = z**3 + 22*z**2 - 4*z - 7. Suppose 3*p + 36 = 5*i - 50, -3*i = 2*p + 32. List the prime factors of q(p).
3
Suppose 0 = 221*y - 209*y + 6609 - 36597. List the prime factors of y.
3, 7, 17
Let x(t) = -188*t - 5203. List the prime factors of x(-126).
5, 3697
Suppose -3*o = -5*r - 47081, 75*r + 47087 = 3*o + 73*r. What are the prime factors of o?
11, 1427
Suppose 0 = -128*n + 989134 + 170148 - 193266. List the prime factors of n.
7547
Suppose 0 = -133*m + 121*m + 602244. List the prime factors of m.
3, 16729
Let q(l) = l**3 + 62*l**2 + 547*l + 414. List the prime factors of q(-49).
2, 3, 67
Let f be 1*(-1 + 0)*1. Let o(b) = -b**3 - 3*b**2 - b - 1. Let c be o(f). What are the prime factors of (-14 - -4)/((-5)/((-175)/c))?
5, 7
Let y be (-4)/(-2) + (-1200)/(-20). Suppose y = w - 8. Let o = 201 - w. What are the prime factors of o?
131
Suppose 0 = 5*d + 3*t - 199, -2 = -2*t - 6. Let y = 43 - d. Suppose 2*f + q - 96 = 0, -3*f + f + 108 = -y*q. List the prime factors of f.
2, 5
Let j(l) = -2*l + 31. Let a be j(17). Let q(t) = 21*t**2 + 2*t - 5. List the prime factors of q(a).
2, 89
Suppose 4*w - 8*w = -2*q + 2, -5*q = -w - 14. Suppose q*d - 282 = 891. What are the prime factors of d?
17, 23
Let q(x) = -9*x**2 - 436*x + 114. Let k(p) = -7*p**2 - 291*p + 76. Let j(t) = 7*k(t) - 5*q(t). List the prime factors of j(29).
5, 149
Suppose -8*s - 13*s = -252. Suppose -l = 5*f + l - 150, -f - 4*l = -s. List the prime factors of f.
2
List the prime factors of (10865/106)/(1/170).
5, 17, 41
Let v = 106 + -97. Suppose -3*g = y - 4258, -13*g - 5*y + 5681 = -v*g. What are the prime factors of g?
3, 11, 43
Let f be (-27 + 1)*372301/46. What are the prime factors of (2 - 56/26) + f/(-169)?
3, 5, 83
Suppose 0 = -4*n + m + 52, 4*n - 3*m = 27 + 17. Let w = n - 11. What are the prime factors of 4*2 + w/1?
11
Let a be (3 - 3)/(1 - 2). Suppose a = 2*u + 3*u. Suppose u = g - 8 - 22. What are the prime factors of g?
2, 3, 5
Suppose 8*d + 40 = 3*d + 5*n, 5*d + 3*n + 56 = 0. Let k be (-33)/22 - d/(-4). Let r(u) = -u**3 - u**2 + u + 6. What are the prime factors of r(k)?
2, 5
Suppose 0 = 12*o + 24 - 216. Suppose r + 4*b = -o, 0 = -2*r + 10*b - 5*b + 33. Suppose 5*h = 5*p + 480, 207 = 4*h + r*p - 169. List the prime factors of h.
5, 19
Let d = -842 - -1188. Let k = d + 977. What are the prime factors of k?
3, 7
What are the prime factors of (-24710829)/(-312) - (9/8)/3?
79201
Suppose -4*w - 26 = -50. What are the prime factors of 8194/w + 1/3 - -3?
37
Let x be 322*(-3)/(-2)*12/(-9). Let f = x + 947. What are the prime factors of f?
3, 101
Let b be ((-36)/(-30))/(1/(-10)). Let q = 115 - 113. List the prime factors of (-179)/(-4) + q - b/48.
47
What are the prime factors of (19 - 15) + 38400/8?
2, 1201
Suppose -3*z = 4*o - 358, -3 = -4*o + 1. Let i = z - 106. Suppose i*c + 312 = 16*c. List the prime factors of c.
2, 3, 13
Suppose 0 = 2*h - 8*h + 90. Suppose 0 = -3*l + 5*k - 10, 2*l + k + 4*k + h = 0. Let d(w) = -31*w - 26. What are the prime factors of d(l)?
3, 43
Suppose 0 = -5*r + 3*j + 41081, -r + 4960 = -4*j - 3246. Suppose 23*i = 20762 + r. What are the prime factors of i?
2, 3, 5, 7
Suppose -15860 = -5*l - 4615. Suppose -241 = -10*z + l. List the prime factors of z.
3, 83
Let o(n) = -n**3 + 10*n**2 - 13*n - 12. Let a be o(8). Suppose a*m = 119 + 373. List the prime factors of m.
41
Let y = 452 - 454. Let k(j) = -133*j - 9. List the prime factors of k(y).
257
Let q(y) = -y**3 + 21*y**2 + 3*y - 57. Let a be q(21). What are the prime factors of 783 + -1*(a/2)/3?
2, 17, 23
Suppose 65 - 53 = k. Let s be (-1)/(-4) + (-3)/k. Suppose 98 - 6 = t - 4*j, s = -4*t + 2*j + 396. What are the prime factors of t?
2, 5
Let f = 45 - 45. Suppose 17*q - 18*q + 15 = f. Let 